{"id":1276,"date":"2021-04-12T15:19:06","date_gmt":"2021-04-12T18:19:06","guid":{"rendered":"https:\/\/moreiraalvesexavier.com.br\/?page_id=1276"},"modified":"2021-04-13T09:06:38","modified_gmt":"2021-04-13T12:06:38","slug":"trabalho","status":"publish","type":"page","link":"https:\/\/moreiraalvesexavier.com.br\/?page_id=1276","title":{"rendered":""},"content":{"rendered":"\r\n<section class=\"wp-block-uagb-section uagb-section__wrap uagb-section__background-color uagb-block-edf8d327\"><div class=\"uagb-section__overlay\"><\/div><div class=\"uagb-section__inner-wrap\">\r\n<h4 style=\"text-align: justify;font-size:30px\">DIREITO DO TRABALHO<\/h4>\r\n\r\n\r\n<p style=\"text-align: justify;\">Com a Reforma Trabalhista, diversos aspectos relacionados ao ramo do Direito do Trabalho foram alterados e, muitas vezes por falta de conhecimento, o trabalhador deixa de reivindicar seus direitos.<\/p>\r\n<p style=\"text-align: justify;\">Atenta a essas mudan\u00e7as, a Moreira Alves &#038; Xavier atua na \u00e1rea trabalhista em defesa dos interesses do empregado, verificando se existem direitos a serem reivindicados. Analisamos os riscos e possibilidades de eventual propositura de demanda perante a Justi\u00e7a do Trabalho, prestando toda a orienta\u00e7\u00e3o necess\u00e1ria ao cliente neste aspecto. Tamb\u00e9m prestamos servi\u00e7os jur\u00eddicos a empresas, buscando solu\u00e7\u00f5es preventivas e amig\u00e1veis para evitar lit\u00edgios ou, quando n\u00e3o mais poss\u00edvel, atuando no contencioso trabalhista.<\/p>\r\n\r\n<hr style=\"height:2px; border:none; color:#000; background-color:#000; margin-top: 0px; margin-bottom: 0px;\">\r\n<\/div><\/section>\r\n","protected":false},"excerpt":{"rendered":"","protected":false},"author":1,"featured_media":0,"parent":0,"menu_order":0,"comment_status":"closed","ping_status":"closed","template":"","meta":[],"uagb_featured_image_src":{"full":false,"thumbnail":false,"medium":false,"medium_large":false,"large":false,"1536x1536":false,"2048x2048":false},"uagb_author_info":{"display_name":"lucasastino","author_link":"https:\/\/moreiraalvesexavier.com.br\/?author=1"},"uagb_comment_info":0,"uagb_excerpt":null,"_links":{"self":[{"href":"https:\/\/moreiraalvesexavier.com.br\/index.php?rest_route=\/wp\/v2\/pages\/1276"}],"collection":[{"href":"https:\/\/moreiraalvesexavier.com.br\/index.php?rest_route=\/wp\/v2\/pages"}],"about":[{"href":"https:\/\/moreiraalvesexavier.com.br\/index.php?rest_route=\/wp\/v2\/types\/page"}],"author":[{"embeddable":true,"href":"https:\/\/moreiraalvesexavier.com.br\/index.php?rest_route=\/wp\/v2\/users\/1"}],"replies":[{"embeddable":true,"href":"https:\/\/moreiraalvesexavier.com.br\/index.php?rest_route=%2Fwp%2Fv2%2Fcomments&post=1276"}],"version-history":[{"count":9,"href":"https:\/\/moreiraalvesexavier.com.br\/index.php?rest_route=\/wp\/v2\/pages\/1276\/revisions"}],"predecessor-version":[{"id":1335,"href":"https:\/\/moreiraalvesexavier.com.br\/index.php?rest_route=\/wp\/v2\/pages\/1276\/revisions\/1335"}],"wp:attachment":[{"href":"https:\/\/moreiraalvesexavier.com.br\/index.php?rest_route=%2Fwp%2Fv2%2Fmedia&parent=1276"}],"curies":[{"name":"wp","href":"https:\/\/api.w.org\/{rel}","templated":true}]}}